common factor of s and 8?
4
Suppose 14*q - 66 = 3*q. Calculate the highest common factor of q and 102.
6
Let z = -30 - -31. Let y = z + 6. What is the highest common divisor of y and 7?
7
Let y(m) = 3*m**3 - 11*m**2 - 10*m - 32. Let x be y(6). Let j be (-4)/(-10) - (-196)/10. What is the greatest common divisor of x and j?
20
Let a = 6780 + -4158. Calculate the greatest common factor of a and 69.
69
Let j = 12 + 41. Calculate the greatest common divisor of j and 106.
53
Let i(z) = -2*z**3 - 63*z**2 + 30*z - 28. Let o be i(-32). Calculate the highest common factor of o and 48.
12
Let a(l) = -2 + 3*l**2 + 21 + 1 - 10*l - 2*l**2. Let j be a(8). Let g be (j/4)/((-1)/(-6)). What is the greatest common factor of 24 and g?
6
Suppose 0 = -j - 3*r - 62, -7*r - 8 = -3*r. Let p = j - -104. Let f(i) = 3*i**2. Let l be f(-2). Calculate the highest common divisor of l and p.
12
Let f = -281 + 332. Calculate the highest common factor of 68 and f.
17
Let s(i) = i**3 + 8*i**2 + 2*i + 16. Let h be s(-8). Let m be (-1 - 45)*(h - 2). Calculate the greatest common divisor of m and 4.
4
Let r = 10 - 13. Let o be 1/(2/(29 + r)). Calculate the highest common divisor of 117 and o.
13
Let d(x) = x**2 + 6*x - 63. Let g be d(7). What is the highest common factor of 20 and g?
4
Let o = 1792 + -1561. What is the highest common divisor of o and 84?
21
Let b(r) = -4*r - 1. Let m be b(-2). Let k = m + -3. Suppose -13 = -k*g - 9. Calculate the greatest common divisor of g and 1.
1
Suppose 3*x - 456 - 1602 = 0. What is the greatest common factor of x and 14?
14
Let k(j) = -j**3 - 5*j**2 + 5*j + 9. Let n be k(-6). Suppose -2*b = -29 - n. What is the greatest common factor of 2 and b?
2
Let o(b) = b**2 + 9*b - 32. Let s be o(-12). Calculate the highest common divisor of s and 116.
4
Let i = 22 + -18. Suppose 4*p + 0*w - 56 = w, -w = i*p - 48. What is the greatest common factor of p and 13?
13
Suppose 4*h + 2*n = 4*n + 384, n = -2*h + 192. What is the greatest common factor of 48 and h?
48
Suppose 0 = 5*z - 5, 4*i - 2*z = 3*i - 7. Let q(k) = -41*k + 29. Let o be q(i). Calculate the highest common factor of 26 and o.
26
Suppose -472 - 293 = 2*m - c, -5*c - 15 = 0. Let z = m + 601. Calculate the greatest common factor of z and 31.
31
Suppose 0 = 2*u - 6*u + 40. Let l = 18 + -35. Let g be (3 - (l + 3)) + -2. What is the highest common factor of g and u?
5
Let m = -49 + 149. What is the highest common factor of 60 and m?
20
Suppose 4*g = 23 - 19. Let i = 10 - g. What is the highest common divisor of 18 and i?
9
Let j = -401 + 707. Let s be (-4)/14 - j/(-42). Let i be 3/s + 306/21. What is the greatest common divisor of 45 and i?
15
Let g = -209 - -295. Calculate the highest common divisor of 129 and g.
43
Suppose o + 4*w = 28, 3*o - 6*o + 4*w + 116 = 0. Let c(k) = -k + 48. Let r be c(0). Calculate the greatest common factor of o and r.
12
Suppose 0 = 3*n + 5*i - 79, -3*i + 13 = 5*n - 92. Suppose 11*y - 61 - 434 = 0. What is the greatest common divisor of y and n?
9
Let m be (-2)/(-3) - (-266)/6. Let r = m - 33. What is the greatest common divisor of r and 60?
12
Let c be (329/(-49) + 1)/((-1)/7). What is the highest common divisor of 104 and c?
8
Let v(g) = -g**3 - 6*g**2 + 6*g - 2. Let w be v(-7). Suppose 4*y = -2*a + 41 - 3, -w*y = -2*a - 25. Calculate the highest common divisor of y and 14.
7
Suppose 0 = -87*j + 90*j - 156. What is the greatest common factor of j and 13?
13
Let q be (-25)/(3000/(-60072)) + 2/5. Calculate the greatest common factor of q and 3.
3
Suppose -14*z + 211 = -335. Calculate the greatest common factor of 351 and z.
39
Suppose -2*l = 3*g - 759, -2*g = -l + 3*l - 504. Suppose 4*j + 255 = 3*x - 0*x, 3*x + 5*j - g = 0. What is the highest common divisor of 17 and x?
17
Suppose -5*t - 4*w + 16 = -47, 2*w = -2*t + 24. Let s = -14 + 61. Suppose -o + 73 = -s. What is the highest common factor of o and t?
15
Suppose -3*p + 10*b + 41 = 9*b, -p = 5*b - 19. Let m = -5 - -7. Calculate the highest common factor of m and p.
2
Suppose -12*q + 68114 = 18794. Calculate the greatest common divisor of q and 30.
30
Suppose 3*j = c + 80, -123 - 10 = -5*j + 2*c. Let u be 3/6 + j/6. Let n be (-20)/90 + 497/9. What is the highest common factor of u and n?
5
Let x(w) = 6*w - 33. Let t be -24*(-1 + (-4)/(-12)). Let r be x(t). Calculate the highest common divisor of r and 42.
21
Suppose -b - 4961 = 2029. Let o be (-2)/17 + b/(-170). Calculate the highest common divisor of o and 369.
41
Let y(m) = -m - 17. Let r be y(-12). Let u be (-28)/35 - 279/r. Calculate the highest common divisor of u and 11.
11
Let c be (-15)/2*16/(-12). Let t = -741 - -821. What is the highest common factor of t and c?
10
Let r be (-88)/(-9) + 12/54. Suppose 2*m - 28 + 15 = -f, -m - 31 = -2*f. Calculate the highest common factor of r and f.
5
Let s(x) = 4*x - 1. Suppose 2*r - 10 = -4*y, -4*y + 7 = 4*r - 3*r. Let h be s(y). Let n be h/(-12) - (-141)/4. Calculate the greatest common divisor of n and 5.
5
Let l be 64/(2 + (-6)/4). Let n = l - 12. What is the highest common divisor of n and 29?
29
Let l = 7 - 5. Let a(g) be the second derivative of -g**4/12 + 2*g**3/3 - g**2 - 5*g. Let m be a(l). Calculate the highest common factor of m and 6.
2
Let g = 25 - -3. Suppose 5*s - 3*a = 210, -s + 3 = -3*a - 39. What is the highest common factor of s and g?
14
Let d(b) = -10*b**2 - 3*b + 3. Let p(o) = o**2 - o + 1. Let a(x) = -2*d(x) + 6*p(x). Let q be a(3). Calculate the highest common divisor of q and 26.
26
Suppose 4*o + 0*o - 56 = 0. Suppose 10 = i + 18. Let y be 98/i*(-13 - -5). Calculate the highest common divisor of o and y.
14
Suppose -3*y - n = -26, -9 = -2*y + n + 5. Suppose 0 = 2*g - 9 + 5. What is the highest common divisor of y and g?
2
Let y = 912 + -877. What is the highest common divisor of 1645 and y?
35
Let r be (38/(-133))/((-1)/399). What is the highest common divisor of 18 and r?
6
Let r = 121 - 169. Let i = 69 + r. Calculate the greatest common divisor of 7 and i.
7
Suppose 4*b + j = 81, 7*b + 3*j = 3*b + 75. Let o = 27 - b. What is the highest common divisor of 18 and o?
6
Let c be (0 + 14)*(663/34 - 13). What is the highest common divisor of 2821 and c?
91
Let j(m) = 6*m - 5. Suppose -4*t - 1 = -2*a + 7, 2 = 2*a + 2*t. Let g be j(a). Calculate the greatest common factor of 63 and g.
7
Let p = 139 - -5. Let f be ((-1)/4*2)/((-1)/(-28)). Let t = f - -32. Calculate the highest common divisor of t and p.
18
Suppose 5*q = 2*d + q - 300, 768 = 5*d - 4*q. Calculate the greatest common divisor of d and 36.
12
Suppose -19*w + 24*w - 810 = 0. What is the greatest common divisor of 18 and w?
18
Let k = -160 + 236. Suppose 5*w - 19 - k = 0. What is the highest common factor of w and 19?
19
Let x(b) = -12*b - 6 + b**3 - 5 - 10*b**2 + 23*b. Let h be x(9). Calculate the highest common divisor of h and 14.
7
Let v be ((-1072)/12)/((-2)/6). Let l = -376 + v. Let a be ((-6)/(-9))/((-4)/l). Calculate the highest common divisor of 18 and a.
18
Let j(w) = 2*w**3 - 4*w + 7*w**2 - 2 + 2*w**3 - 3*w**3. Let k be j(-7). Calculate the greatest common factor of 286 and k.
26
Let c = 272 - 250. Suppose -4*a + 72 = 4*u, 0 = -2*a + 7*a - 4*u - 126. What is the greatest common divisor of c and a?
22
Let i = -29 + 51. Let h(q) be the first derivative of -3*q**4/2 + q**3/3 - 3*q**2/2 - 3*q - 2. Let m be h(-2). What is the greatest common factor of m and i?
11
Suppose -3*y - 14 = -29. Suppose -5*b + 85 = -y*s, -2*s + 21 = 3*b + s. Suppose -5*k + 8*k = b. What is the highest common divisor of 36 and k?
4
Let p be 2/4 - (-18)/4. Let x be (8 - 4) + (31 - 33)*6/4. Calculate the highest common divisor of p and x.
1
Let i(c) = 2*c**2 - 2*c. Let t be i(-2). Let u be 35 + 22 + -15 + -1 + -5. Calculate the greatest common factor of t and u.
12
Suppose 1124 = 11*g - 1186. Suppose 22*k = 8*k + g. What is the greatest common factor of 105 and k?
15
Let d(i) = -i**3 - 2*i**2 + 8*i. Let y be d(4). Let m = -58 - y. Calculate the highest common factor of m and 15.
3
Suppose 5*s + l - 92 = 9, 4*s + 2*l - 82 = 0. What is the greatest common factor of s and 1060?
20
Let s = 663 + 273. Calculate the greatest common factor of s and 72.
72
Let v be 39/(-195) + 552/10 + 3. Calculate the greatest common divisor of 261 and v.
29
Let t(i) = 3*i - 17. Le